67 (base 14) to base 9
-50020
What is -185 (base 13) in base 7?
-545
-310 (base 5) to base 13
-62
-34346 (base 7) to base 4
-2020310
What is -e053 (base 15) in base 8?
-134340
-304004 (base 5) to base 16
-2697
Convert 2483 (base 9) to base 8.
3501
3300 (base 8) to base 11
1331
What is -25417 (base 9) in base 4?
-10023103
What is -14636 (base 7) in base 3?
-12121122
What is 3321413 (base 5) in base 7?
330214
What is -12a8 (base 11) in base 7?
-4634
Convert -a022 (base 13) to base 16.
-55ee
Convert 2430034 (base 5) to base 16.
b24c
Convert -bc8a (base 14) to base 6.
-411110
-1240 (base 7) to base 4
-13111
What is 620 (base 14) in base 11?
9a5
18a22 (base 12) to base 10
36026
What is 45133 (base 6) in base 12?
37a9
Convert 15791 (base 10) to base 3.
210122212
What is -25595 (base 10) in base 11?
-18259
What is -626a (base 11) in base 16?
-2070
What is 114 (base 11) in base 10?
136
Convert -1300 (base 8) to base 4.
-23000
-e2 (base 15) to base 16
-d4
21140 (base 8) to base 9
13057
What is -10c3 (base 16) in base 15?
-1411
Convert 598 (base 13) to base 4.
33022
What is 3202134 (base 5) in base 15?
10c64
-6a89 (base 11) to base 13
-42cb
Convert 3685 (base 9) to base 6.
20422
What is -16213 (base 9) in base 2?
-10101101100101
What is 7132 (base 13) in base 16?
3ce5
What is -11110000100101 (base 2) in base 7?
-62614
Convert 24014 (base 5) to base 3.
2102011
What is -12a8 (base 15) in base 10?
-3983
What is 2323 (base 5) in base 14?
1a2
Convert -472 (base 9) to base 12.
-285
Convert 2745 (base 8) to base 9.
2056
-30d (base 15) to base 11
-576
-ab (base 13) to base 7
-261
What is -253 (base 15) in base 5?
-4103
410035 (base 6) to base 9
48425
What is 401530 (base 6) in base 13?
11466
11223 (base 5) to base 16
32d
12322131 (base 4) to base 13
cb73
Convert -274 (base 8) to base 5.
-1223
What is 1020012022 (base 3) in base 5?
1233300
40155 (base 6) to base 13
2513
4014 (base 5) to base 7
1325
What is -222010 (base 4) in base 11?
-2028
861 (base 12) to base 15
56a
What is -5909 (base 12) in base 15?
-2e30
Convert -2505 (base 8) to base 6.
-10125
What is -24a6 (base 11) in base 9?
-4424
Convert -403 (base 10) to base 9.
-487
Convert -810 (base 11) to base 2.
-1111010011
What is -101111001 (base 2) in base 10?
-377
What is -362 (base 13) in base 15?
-292
Convert 37a (base 15) to base 12.
55a
What is -252 (base 14) in base 13?
-299
-1202222 (base 3) to base 13
-788
Convert 1111110111 (base 2) to base 10.
1015
Convert -100111001011111 (base 2) to base 15.
-5e28
Convert 32200 (base 5) to base 10.
2175
What is -1110022 (base 3) in base 16?
-425
Convert -10101001100 (base 2) to base 13.
-804
25474 (base 9) to base 16
4306
1060 (base 7) to base 10
385
Convert -10c4 (base 14) to base 8.
-5544
Convert -192e (base 15) to base 2.
-1010101000100
What is 1211220 (base 3) in base 12?
943
Convert -11251 (base 6) to base 7.
-4465
Convert 899 (base 14) to base 16.
6a7
Convert 2e (base 15) to base 3.
1122
-100011101010010 (base 2) to base 16
-4752
-11046 (base 7) to base 14
-1026
-7e (base 15) to base 13
-92
Convert 5357 (base 8) to base 11.
2115
26031 (base 8) to base 7
44625
-10c8 (base 13) to base 10
-2361
Convert 4196 (base 12) to base 16.
1c02
1000101001101 (base 2) to base 6
32301
What is -10001100 (base 2) in base 4?
-2030
Convert -34430 (base 5) to base 6.
-15310
a0d3 (base 16) to base 8
120323
Convert 240 (base 12) to base 6.
1320
What is 11000001 (base 2) in base 16?
c1
-53157 (base 8) to base 15
-6852
-4040 (base 7) to base 11
-1063
What is 4334121 (base 5) in base 3?
10202220100
What is 11260 (base 7) in base 11?
2192
Convert -200220101 (base 3) to base 6.
-143444
What is -4c4 (base 13) in base 2?
-1101000100
-200 (base 11) to base 2
-11110010
22846 (base 9) to base 4
3232212
Convert -26410 (base 10) to base 3.
-1100020011
What is 516 (base 14) in base 7?
2626
What is 22069 (base 11) in base 8?
76423
What is -1111100 (base 2) in base 8?
-174
257 (base 10) to base 5
2012
234554 (base 6) to base 8
50046
Convert 1021232 (base 4) to base 3.
20110202
What is -2826 (base 10) in base 5?
-42301
b3 (base 12) to base 9
160
-27b (base 16) to base 6
-2535
Convert -23001 (base 5) to base 4.
-121122
-5a4 (base 12) to base 7
-2314
What is -1000330 (base 4) in base 9?
-5627
Convert -1243322 (base 6) to base 16.
-10a42
Convert -3824 (base 9) to base 2.
-101100101001
What is 221102200 (base 3) in base 11?
12a25
100101 (base 6) to base 9
11641
-1893 (base 15) to base 16
-14c1
8cd (base 16) to base 14
b6d
What is 153100 (base 6) in base 4?
3221130
-952 (base 13) to base 12
-b04
Convert 1023 (base 7) to base 11.
2a8
Convert 101002101 (base 3) to base 2.
1110010111010
Convert 4443 (base 8) to base 15.
a5e
Convert 23000 (base 4) to base 8.
1300
What is 1141453 (base 6) in base 9?
101276
What is -3588 (base 10) in base 8?
-7004
242212 (base 7) to base 6
535431
-1a75 (base 12) to base 10
-3257
Convert 532211 (base 6) to base 8.
124417
-1487 (base 12) to base 11
-1899
What is -1d8 (base 14) in base 12?
-282
Convert 3847 (base 12) to base 2.
1100011110111
Convert -223 (base 10) to base 7.
-436
-1bbc9 (base 13) to base 11
-38155
What is 100111110100101 (base 2) in base 12?
b971
-920 (base 10) to base 14
-49a
-112 (base 3) to base 12
-12
-1321 (base 5) to base 2
-11010011
What is 1110000010110 (base 2) in base 9?
10768
1100100 (base 2) to base 12
84
3220 (base 5) to base 11
366
c3e (base 15) to base 4
223013
9192 (base 11) to base 4
2332221
1102123 (base 4) to base 8
12233
What is -1011101110011 (base 2) in base 14?
-228b
Convert -e17 (base 16) to base 11.
-278a
Convert -3004 (base 5) to base 15.
-1a4
Convert 53354 (base 9) to base 4.
20213110
Convert 638 (base 12) to base 13.
54b
What is 141 (base 6) in base 7?
115
Convert -1250 (base 15) to base 12.
-2310
-10010202000 (base 3) to base 6
-1154000
Convert b1b5 (base 15) to base 6.
445412
5a61 (base 11) to base 10
7932
Convert 6015 (base 8) to base 6.
22141
What is 115 (base 13) in base 6?
511
What is -515 (base 10) in base 15?
-245
What is -1468 (base 12) in base 15?
-a8e
What is 112200020 (base 3) in base 2?
10100111001010
4b0 (base 12) to base 3
222020
-2160 (base 13) to base 6
-33253
224101 (base 5) to base 3
102000021
Convert 12131 (base 4) to base 5.
3123
2457 (base 13) to base 16
1416
Convert -110010101010 (base 2) to base 8.
-6252
What is 194 (base 15) in base 8?
554
What is 610 (base 8) in base 14?
200
2001133 (base 4) to base 8
20137
10948 (base 12) to base 15
6828
-46081 (base 9) to base 13
-10c7b
What is -302 (base 10) in base 14?
-178
Convert b52 (base 14) to base 6.
14152
Convert 1817 (base 10) to base 2.
11100011001
502 (base 6) to base 2
10110110
Convert 11156 (base 14) to base 11.
29146
353 (base 12) to base 7
1305
224344 (base 5) to base 8
17643
Convert -624 (base 11) to base 4.
-23300
What is 13030030 (base 4) in base 9?
44354
1716 (base 8) to base 4
33032
Convert 437a (base 12) to base 5.
214223
What is 312031 (base 5) in base 16?
281a
What is 11010000101110 (base 2) in base 16?
342e
Convert -147a1 (base 13) to base 3.
-1222000222
Convert -141 (base 11) to base 8.
-246
What is 1014055 (base 6) in base 11?
33780
Convert -13d (base 14) to base 7.
-506
-922 (base 13) to base 16
-60d
-449 (base 10) to base 15
-1ee
What is 1101111110111110 (base 2) in base 14?
16c34
1101022 (base 3) to base 15
472
What is 723 (base 8) in base 10?
467
-90a (base 14) to base 6
-12114
Convert 3246 (base 8) to base 11.
1308
6152 (base 8) to base 15
e1d
What is -228 (base 13) in base 10?
-372
What is -10100010000111010 (base 2) in base 16?
-1443a
1570 (base 9) to base 16
4ad
4055 (base 7) to base 16
584
Convert -495a (base 11) to base 15.
-1dbd
What is -1cf (base 16) in base 10?
-463
-ad1 (base 16) to base 13
-1350
-1b15 (base 14) to base 9
-6665
214441 (base 6) to base 10
17881
What is -13471 (base 14) in base 3?
-2102012102
Convert -10010012 (base 3) to base 9.
-3105
203 (base 9) to base 15
b0
Convert -22a (base 11) to base 9.
-334
What is -103002213 (base 4) in base 15?
-18196
Convert 805 (base 11) to base 7.
2560
-15056 (base 7) to base 6
-31125
What is 17287 (base 9) in base 5?
340110
111211 (base 3) to base 13
229
-2201012 (base 3) to base 13
-b90
-7aa1 (base 12) to base 14
-4d97
Convert -33104 (base 10) to base 15.
-9c1e
Convert 5503 (bas